 what is 126b - 0?
126b
In base 15, what is -1 + 1ee?
1ed
In base 10, what is -427 - -52?
-375
In base 10, what is 1431 + 1?
1432
In base 13, what is -1c5 - -1?
-1c4
In base 12, what is 0 + -2a7?
-2a7
In base 13, what is -4a1 - -3?
-49b
In base 16, what is -4d4f - -5?
-4d4a
In base 8, what is 15 - -1?
16
In base 5, what is -430 - -10?
-420
In base 15, what is 2 - 21?
-1e
In base 2, what is -1000011000011 - 11?
-1000011000110
In base 14, what is -5 - 21?
-26
In base 5, what is 30 + 41?
121
In base 3, what is 210 - -22?
1002
In base 14, what is 6 - 12?
-a
In base 5, what is -210 - -40?
-120
In base 12, what is -528 - 4?
-530
In base 10, what is 6 - 215?
-209
In base 7, what is -416 - 4?
-423
In base 6, what is -2203 + 1?
-2202
In base 13, what is -1 - a?
-b
In base 8, what is 14 + 141?
155
In base 13, what is -1 - -3031?
3030
In base 7, what is -5 - -1341?
1333
In base 9, what is -2123 - -4?
-2118
In base 13, what is 94 + -6?
8b
In base 6, what is -5321 + 40?
-5241
In base 7, what is 16 + 42?
61
In base 7, what is -203 - 10?
-213
In base 7, what is 1 + -1556?
-1555
In base 10, what is 10456 + -5?
10451
In base 15, what is b2 - -4?
b6
In base 15, what is -70 - 5b?
-cb
In base 11, what is -3a36 + -4?
-3a3a
In base 13, what is -2 + 81?
7c
In base 8, what is 7 - 623?
-614
In base 9, what is -2725 - 1?
-2726
In base 16, what is 0 - a3?
-a3
In base 3, what is -12 + 22112?
22100
In base 3, what is -12200101 + 2?
-12200022
In base 7, what is -2 - -262?
260
In base 10, what is -6 - 224?
-230
In base 4, what is -1 + 3331?
3330
In base 6, what is 352 - -4?
400
In base 16, what is 7 - 23?
-1c
In base 10, what is 46 + -30?
16
In base 13, what is -502 - 0?
-502
In base 2, what is -10001111 - 0?
-10001111
In base 9, what is -247 - 1?
-248
In base 2, what is 111 - -1000111?
1001110
In base 5, what is -3 - -33?
30
In base 14, what is -4 - -2a?
26
In base 11, what is -1a - 19?
-38
In base 3, what is -201 - 212?
-1120
In base 13, what is 1 + -40?
-3c
In base 15, what is 999e + 3?
99a2
In base 5, what is 411 + -323?
33
In base 2, what is 111010 + 11?
111101
In base 15, what is 3 - 8b?
-88
In base 16, what is 3 - 1c6?
-1c3
In base 12, what is -4 - 351?
-355
In base 14, what is 5c3 - -6?
5c9
In base 4, what is 102312 - -11?
102323
In base 13, what is -4c + 7?
-45
In base 10, what is -40 + 17?
-23
In base 11, what is -219 + -5?
-223
In base 15, what is -345 - d?
-353
In base 5, what is -12322 - -13?
-12304
In base 8, what is 4 + -717?
-713
In base 8, what is 2111 + -1?
2110
In base 7, what is 4 - 34?
-30
In base 9, what is 36 - 8?
27
In base 16, what is -5 - -e6?
e1
In base 12, what is -5 - b?
-14
In base 8, what is -3 + 171?
166
In base 14, what is -6 + d?
7
In base 14, what is 4 - -1a0?
1a4
In base 14, what is -10 - -7?
-7
In base 15, what is 10 - -543?
553
In base 7, what is -261 + -11?
-302
In base 7, what is -6414 + 3?
-6411
In base 10, what is 6313 - 4?
6309
In base 9, what is -701 - 0?
-701
In base 8, what is 3 + 5?
10
In base 10, what is 652 - -1?
653
In base 14, what is 9a0 + -5?
999
In base 16, what is -21 - 1b?
-3c
In base 6, what is 141 + -1?
140
In base 13, what is -9 + 226?
21a
In base 14, what is -48 - -1?
-47
In base 13, what is 95 + 4?
99
In base 13, what is 41 - -9?
4a
In base 15, what is 1 + 32?
33
In base 2, what is 101 + -101001101?
-101001000
In base 7, what is 240 - -4?
244
In base 11, what is -11 + 4?
-8
In base 12, what is 197 + 0?
197
In base 4, what is 3132 + 1?
3133
In base 4, what is -313 + -11?
-330
In base 6, what is 1 + 15543?
15544
In base 12, what is -44 + 5?
-3b
In base 6, what is -21 - -321?
300
In base 4, what is 1 + 32?
33
In base 16, what is 5 + -11?
-c
In base 15, what is -2156 - -2?
-2154
In base 16, what is -2e + 31?
3
In base 4, what is 10 + -132213?
-132203
In base 3, what is 21221 + -2?
21212
In base 7, what is 46546 - 5?
46541
In base 3, what is 21012 - 1?
21011
In base 13, what is c - -109?
118
In base 15, what is -2 - -9b?
99
In base 8, what is -272 - 62?
-354
In base 7, what is -4 + 23?
16
In base 13, what is 1 + -6?
-5
In base 14, what is -751 - 3?
-754
In base 7, what is 3 - 35?
-32
In base 2, what is -1010 + 101110111?
101101101
In base 11, what is 0 + 118?
118
In base 3, what is -1022200 + 11?
-1022112
In base 16, what is -2 - 2c1?
-2c3
In base 2, what is 10 + -1010100?
-1010010
In base 6, what is -21 + 53?
32
In base 5, what is -1 + 130?
124
In base 15, what is 5 - c3?
-bd
In base 13, what is -2 - 84?
-86
In base 13, what is 3 + -345?
-342
In base 4, what is -100012 + 10?
-100002
In base 4, what is -2 + -2101?
-2103
In base 11, what is -2 + -45?
-47
In base 7, what is 1561 - 4?
1554
In base 6, what is 5 - 1515?
-1510
In base 7, what is -3 - -125?
122
In base 14, what is -17 + -b?
-24
In base 12, what is -7 - -17?
10
In base 13, what is -19b - -3?
-198
In base 11, what is -126 + 8?
-119
In base 6, what is -40 + 2?
-34
In base 10, what is -49 + 26?
-23
In base 3, what is -2 + -20121022?
-20121101
In base 10, what is 434 - -1?
435
In base 4, what is 311 + -10?
301
In base 8, what is -4 - 377?
-403
In base 10, what is 0 - 1167?
-1167
In base 11, what is -5 + -92?
-97
In base 7, what is -54 - 1?
-55
In base 14, what is -2 - -704?
702
In base 8, what is 1 - 142?
-141
In base 3, what is 201211 - -12?
202000
In base 5, what is 433 - -2?
440
In base 2, what is -1001000100000100 + 1?
-1001000100000011
In base 8, what is 12 - -2254?
2266
In base 13, what is -1974 - 0?
-1974
In base 10, what is -4478 - -4?
-4474
In base 15, what is 3 - a6?
-a3
In base 2, what is -11010010 - -1?
-11010001
In base 5, what is -2 - 10243?
-10300
In base 4, what is 0 - 12133?
-12133
In base 7, what is 5 - -136?
144
In base 4, what is -310031 + -2?
-310033
In base 12, what is -51 - 4?
-55
In base 15, what is -17 + 10?
-7
In base 4, what is 21 + -110?
-23
In base 15, what is 28 - -8?
31
In base 13, what is 5 + -c4?
-bc
In base 10, what is -18 + 22?
4
In base 12, what is 7 + -111?
-106
In base 11, what is 2 - 44?
-42
In base 13, what is -5 - -428?
423
In base 6, what is -202 + -11?
-213
In base 11, what is -13 + -13?
-26
In base 3, what is 10 - -222112?
222122
In base 7, what is -1 + -130?
-131
In base 14, what is -1 - 30?
-31
In base 14, what is 4 + 14?
18
In base 7, what is -645 + 3?
-642
In base 7, what is 4 + -11?
-4
In base 8, what is -226 + 67?
-137
In base 15, what is -1 + 1ad?
1ac
In base 16, what is af37 - 5?
af32
In base 13, what is 233 - -8?
23b
In base 10, what is 320 - 35?
285
In base 7, what is 5 + -62?
-54
In base 2, what is -11 + -11011110110?
-11011111001
In base 14, what is 70 + -4?
6a
In base 4, what is 32003 - 101?
31302
In base 9, what is -166 + 354?
177
In base 3, what is 1220111 - 0?
1220111
In base 6, what is 1 - 5133?
-5132
In base 11, what is -5 - -475?
470
In base 4, what is 10 + 232?
302
In base 4, what is -223 + -10?
-233
In base 12, what is -1568 + -4?
-1570
In base 15, what is 417 - 4?
413
In base 2, what is 1000101 - -10100?
1011001
In base 4, what is 1200 - -1032?
2232
In base 15, what is 5 - 33?
-2d
In base 16, what is -2bf - -3?
-2bc
In base 13, what is -106 + 2?
-104
In base 10, what is 1 + -6?
-5
In base 16, what is 5 + -2b1?
-2ac
In base 6, what is 0 - -1230?
1230
In base 6, what is 123 - 3?
120
In base 5, what is 3 - -3133?
3141
In base 6, what is -102 + -3?
-105
In base 12, what is 7 - 88?
-81
In base 5, what is 4232 - -2?
4234
In base 3, what is -11 - -101?
20
In base 11, what is 205 + 1?
206
In base 11, what is -4 - 4a?
-53
In base 6, what is 1412 - -3?
1415
In base 6, what is -4410 + -55?
-4505
In base 3, what is 212 - -12200?
20112
In base 11, what is -42 + -2?
-44
In base 7, what is -3 - -1400?
1364
In base 15, what is 70 - -2?
72
In base 16, what is 16 - 3?
13
In base 15, what is d - 1?
c
In base 10, what is 4968 - 0?
4968
In base 7, what is -1 + 1122?
1121
In base 14, what is 980 - 6?
978
In base 8, what is 107 + -273?
-164
In base 12, what is -21 - -73?
52
In base 4, what is 2333 - 2?
2331
In base 13, what is 1a - 2?
18
In base 7, what is -1 - -1?
0
In base 7, what is -242 + 1?
-241
In base 11, what is -465 - 6?
-470
In base 12, what is 2 + 69?
6b
In base 11, what is -44 - -65?
21
In base 3, what is 20101 - -2?
20110
In base 15, what is 2c30 + 4?
2c34
In base 2, what is 110 - -1100?
10010
In base 10